mposite?
True
Is 10612259 a prime number?
False
Is 2272073 prime?
True
Is 330263 prime?
False
Is 8479997 prime?
False
Is 46158731 a composite number?
True
Is 6716081 composite?
True
Is 60708419 prime?
False
Is 5174053 a composite number?
True
Is 10318081 a composite number?
True
Is 1294817 composite?
False
Is 60478417 a prime number?
True
Is 4431257 a prime number?
True
Is 75512917 composite?
False
Is 8483 prime?
False
Is 11560081 composite?
True
Is 5735581 a prime number?
True
Is 27283246 a prime number?
False
Is 4226473 a composite number?
True
Is 612391069 composite?
False
Is 82625369 a prime number?
True
Is 18719143 composite?
False
Is 13728451 a prime number?
False
Is 32713221 a composite number?
True
Is 67798018 a prime number?
False
Is 3106703 prime?
True
Is 549205 a composite number?
True
Is 2002206353 a composite number?
True
Is 10293159 a prime number?
False
Is 154626499 composite?
False
Is 113921 prime?
True
Is 44814527 a prime number?
True
Is 14686387 composite?
True
Is 89577211 a composite number?
True
Is 68772283 a composite number?
False
Is 1067002273 a prime number?
True
Is 197071873 composite?
False
Is 1848919 a prime number?
True
Is 29741189 prime?
True
Is 1956149 prime?
False
Is 114027481 composite?
True
Is 24515363 a composite number?
True
Is 54708322 a prime number?
False
Is 9718351 a prime number?
False
Is 217611677 prime?
False
Is 4187399 composite?
False
Is 75142423 a composite number?
True
Is 13646181 prime?
False
Is 466727 a composite number?
True
Is 1993109 a prime number?
True
Is 9385781 a composite number?
False
Is 799061 composite?
False
Is 75382133 composite?
True
Is 26853001 prime?
False
Is 180479665 a prime number?
False
Is 5036939 prime?
True
Is 13794149 prime?
True
Is 1078843 a composite number?
True
Is 4795009 a composite number?
True
Is 8320259 prime?
False
Is 2870969 composite?
False
Is 14377097 composite?
True
Is 234658 composite?
True
Is 6256631 composite?
False
Is 13421651 composite?
False
Is 50461181 a prime number?
True
Is 3040777 a prime number?
True
Is 109712719 a composite number?
False
Is 12958487 a prime number?
True
Is 213236633 a composite number?
False
Is 37516237 a prime number?
False
Is 201631 prime?
False
Is 53151893 a composite number?
False
Is 4996991 prime?
True
Is 10556255 prime?
False
Is 317309921 composite?
False
Is 282338517 a composite number?
True
Is 9735613 composite?
False
Is 3201353 prime?
False
Is 28123891 a composite number?
True
Is 223981 composite?
True
Is 1121278 a prime number?
False
Is 2682623 a composite number?
False
Is 30038993 a prime number?
False
Is 1259269 prime?
False
Is 541859 a composite number?
False
Is 43315561 a composite number?
False
Is 1465301 a prime number?
True
Is 25504027 a composite number?
False
Is 32567411 composite?
False
Is 335450161 prime?
True
Is 12576379 a prime number?
False
Is 7440206 a prime number?
False
Is 6861289 a prime number?
False
Is 319431859 composite?
False
Is 372213299 a composite number?
True
Is 9401207 a composite number?
False
Is 1164167 a composite number?
True
Is 13431497 composite?
False
Is 8525581 composite?
True
Is 80088481 a prime number?
False
Is 125290909 a composite number?
False
Is 11794507 a composite number?
False
Is 21995033 prime?
True
Is 5981411 prime?
True
Is 92143 prime?
True
Is 2150961 a composite number?
True
Is 285228935 a prime number?
False
Is 741979 prime?
False
Is 1032569 a prime number?
False
Is 137995073 a composite number?
True
Is 126823 a prime number?
True
Is 107441 prime?
True
Is 4563197 prime?
True
Is 5534281 composite?
False
Is 61393489 a composite number?
True
Is 164347493 a prime number?
False
Is 135216617 prime?
True
Is 1278971 prime?
False
Is 60971473 a prime number?
True
Is 1078109 a prime number?
True
Is 1809124613 prime?
True
Is 91743311 composite?
True
Is 3791411 a prime number?
False
Is 14694859 composite?
True
Is 1969567 a prime number?
True
Is 1472153 a composite number?
False
Is 16048303 composite?
False
Is 4872869 prime?
False
Is 7647169 composite?
True
Is 111013183 a prime number?
False
Is 7135379 a composite number?
False
Is 1145971 a prime number?
True
Is 18700567 composite?
True
Is 2001737 prime?
False
Is 186658594 a composite number?
True
Is 3568651 prime?
True
Is 36620043 a composite number?
True
Is 1252139 a prime number?
False
Is 13360273 composite?
True
Is 10512199 a prime number?
False
Is 3128443 a prime number?
True
Is 9343849 composite?
False
Is 113352511 composite?
True
Is 1400527 a composite number?
False
Is 147381478 a prime number?
False
Is 412404919 a prime number?
True
Is 3268079 a composite number?
False
Is 744559 a prime number?
True
Is 762367 a prime number?
True
Is 4066697 a prime number?
False
Is 51443 composite?
True
Is 419284499 a composite number?
False
Is 343648141 composite?
True
Is 1501457 a composite number?
True
Is 7107227 a prime number?
False
Is 50278574 prime?
False
Is 228709409 composite?
False
Is 329824237 prime?
False
Is 188107 a composite number?
False
Is 159282493 a prime number?
True
Is 131312047 prime?
True
Is 2044831 prime?
True
Is 2693891 a composite number?
False
Is 622849 a prime number?
True
Is 244219427 prime?
True
Is 6327262 a composite number?
True
Is 172724729 a composite number?
False
Is 5960501 composite?
False
Is 2235157 a prime number?
False
Is 251629361 a composite number?
True
Is 1442689 prime?
False
Is 58040834 a composite number?
True
Is 2838263 composite?
True
Is 3685111 prime?
True
Is 67181533 a prime number?
False
Is 3803099 a composite number?
True
Is 231043574 prime?
False
Is 12867355 a composite number?
True
Is 85077347 a composite number?
False
Is 3739697 prime?
False
Is 388492618 a composite number?
True
Is 1726819 prime?
False
Is 110647297 a composite number?
False
Is 131335585 composite?
True
Is 367721 prime?
True
Is 7602899 prime?
True
Is 4506797 composite?
True
Is 1353293 a composite number?
False
Is 785025689 composite?
True
Is 398532919 a prime number?
False
Is 2151767 a prime number?
True
Is 3996643 prime?
False
Is 4584667 composite?
True
Is 8381111 a prime number?
False
Is 1181597 composite?
True
Is 39345253 a composite number?
False
Is 135842051 a prime number?
True
Is 506609 a composite number?
False
Is 70617683 a prime number?
True
Is 11228671 prime?
True
Is 11154543 composite?
True
Is 127673933 composite?
False
Is 42043 prime?
True
Is 3639473 a prime number?
True
Is 363827923 a prime number?
True
Is 676675699 a prime number?
False
Is 287341 a prime number?
True
Is 1299583 prime?
True
Is 3405569 a prime number?
False
Is 493325237 a composite number?
False
Is 46864261 composite?
True
Is 394153 prime?
True
Is 11675089 prime?
False
Is 549379 a prime number?
True
Is 13130497 composite?
True
Is 24119015 a prime number?
False
Is 11893769 a composite number?
False
Is 140009 prime?
True
Is 894331 prime?
False
Is 13774015 a composite number?
True
Is 3510179 prime?
True
Is 1973033 composite?
False
Is 241626461 prime?
True
Is 3511841 prime?
True
Is 1317101 a composite number?
True
Is 11821 prime?
True
Is 11236843 composite?
True
Is 1791649 a prime number?
False
Is 11951243 prime?
True
Is 76941839 a prime number?
False
Is 251567 a composite number?
False
Is 74432497 composite?
True
Is 28540531 composite?
False
Is 2933471 prime?
False
Is 177533 a composite number?
False
Is 16859203 a composite number?
False
Is 54179821 prime?
False
Is 4044797 composite?
False
Is 1891766 a composite number?
True
Is 785635 a prime number?
False
Is 21275171 a prime number?
True
Is 274145437 a prime number?
True
Is 942197351 prime?
True
Is 1566763 a prime number?
False
Is 3485333 a composite number?
True
Is 5983547 prime?
False
Is 82645051 prime?
True
Is 946487 a prime number?
True
Is 561344587 composite?
True
Is 32314015 composite?
True
Is 915118 a prime number?
False
Is 316470309 composite?
True
Is 4715407 a composite number?
False
Is 1820803 prime?
False
Is 205575837 composite?
True
Is 52867247 a composite number?
True
Is 50642015 composite?
True
Is 71251187 prime?
False
Is 3610861 prime?
True
Is 31775231 a composite number?
False
Is 629363 prime?
False
Is 75424343 composite?
False
Is 13368991 a prime number?
True
Is 31358491 a composite number?
False
Is 13155437 prime?
True
Is 35813 composite?
True
Is 24394057 prime?
False
Is 812725